
What is the tens digit of 1669852?
5
What is the tens digit of 1745988?
8
What is the hundred thousands digit of 231269?
2
What is the hundred thousands digit of 145580?
1
What is the tens digit of 401125?
2
What is the ten thousands digit of 2047174?
4
What is the ten thousands digit of 1408003?
0
What is the ten millions digit of 22280361?
2
What is the ten thousands digit of 32091983?
9
What is the ten thousands digit of 14948004?
4
What is the tens digit of 242950?
5
What is the ten thousands digit of 1504964?
0
What is the hundreds digit of 141508?
5
What is the ten thousands digit of 9233077?
3
What is the units digit of 2043633?
3
What is the hundreds digit of 24822?
8
What is the hundreds digit of 250381?
3
What is the thousands digit of 936397?
6
What is the ten thousands digit of 437675?
3
What is the units digit of 4678065?
5
What is the hundreds digit of 18631816?
8
What is the thousands digit of 12985657?
5
What is the tens digit of 444493?
9
What is the tens digit of 7817636?
3
What is the hundred thousands digit of 444048?
4
What is the thousands digit of 190358?
0
What is the tens digit of 395331?
3
What is the tens digit of 6969257?
5
What is the hundreds digit of 6607082?
0
What is the hundreds digit of 4356691?
6
What is the thousands digit of 352106?
2
What is the hundreds digit of 9015433?
4
What is the thousands digit of 1131322?
1
What is the millions digit of 1181663?
1
What is the ten thousands digit of 10316?
1
What is the millions digit of 19179982?
9
What is the units digit of 499778?
8
What is the tens digit of 577771?
7
What is the ten thousands digit of 851487?
5
What is the hundred thousands digit of 6219751?
2
What is the ten thousands digit of 1456739?
5
What is the units digit of 15959?
9
What is the tens digit of 1472686?
8
What is the units digit of 3594719?
9
What is the hundred thousands digit of 155956?
1
What is the hundred thousands digit of 214028?
2
What is the thousands digit of 820516?
0
What is the tens digit of 2992082?
8
What is the millions digit of 1341286?
1
What is the hundreds digit of 209095?
0
What is the thousands digit of 548484?
8
What is the ten thousands digit of 139144?
3
What is the tens digit of 286812?
1
What is the hundreds digit of 16240664?
6
What is the units digit of 4056145?
5
What is the thousands digit of 300011?
0
What is the units digit of 2441624?
4
What is the millions digit of 7401110?
7
What is the hundred thousands digit of 7016565?
0
What is the millions digit of 2821249?
2
What is the ten thousands digit of 287806?
8
What is the thousands digit of 924193?
4
What is the units digit of 34284789?
9
What is the hundreds digit of 119471?
4
What is the units digit of 471926?
6
What is the millions digit of 9901702?
9
What is the ten thousands digit of 621608?
2
What is the tens digit of 9578145?
4
What is the hundred thousands digit of 148279?
1
What is the hundreds digit of 3184821?
8
What is the hundreds digit of 2261874?
8
What is the thousands digit of 735586?
5
What is the hundred thousands digit of 310589?
3
What is the hundreds digit of 5124651?
6
What is the millions digit of 3573350?
3
What is the hundreds digit of 937233?
2
What is the millions digit of 1477079?
1
What is the ten thousands digit of 350834?
5
What is the ten thousands digit of 152547?
5
What is the tens digit of 92498?
9
What is the thousands digit of 8126785?
6
What is the hundreds digit of 303965?
9
What is the millions digit of 6706233?
6
What is the hundreds digit of 5376899?
8
What is the hundreds digit of 2782050?
0
What is the units digit of 216015?
5
What is the ten thousands digit of 3590609?
9
What is the hundred thousands digit of 3759036?
7
What is the ten thousands digit of 87326?
8
What is the units digit of 3928470?
0
What is the ten thousands digit of 2238936?
3
What is the units digit of 13761?
1
What is the units digit of 110183?
3
What is the hundred thousands digit of 819109?
8
What is the units digit of 4208265?
5
What is the hundreds digit of 412566?
5
What is the hundred thousands digit of 653383?
6
What is the ten thousands digit of 230674?
3
What is the tens digit of 18072486?
8
What is the thousands digit of 1293217?
3
What is the millions digit of 1803607?
1
What is the hundreds digit of 9729385?
3
What is the units digit of 382733?
3
What is the units digit of 210485?
5
What is the hundred thousands digit of 197496?
1
What is the hundreds digit of 294226?
2
What is the hundreds digit of 492001?
0
What is the thousands digit of 249671?
9
What is the units digit of 46636?
6
What is the tens digit of 7148700?
0
What is the millions digit of 7771512?
7
What is the units digit of 14929?
9
What is the ten thousands digit of 1032812?
3
What is the hundred thousands digit of 323427?
3
What is the ten thousands digit of 176864?
7
What is the ten thousands digit of 30132?
3
What is the units digit of 200637?
7
What is the tens digit of 247519?
1
What is the units digit of 235425?
5
What is the thousands digit of 3493717?
3
What is the tens digit of 182734?
3
What is the units digit of 743598?
8
What is the hundreds digit of 3749?
7
What is the hundreds digit of 123131?
1
What is the hundreds digit of 944999?
9
What is the hundreds digit of 15434?
4
What is the hundreds digit of 5981573?
5
What is the millions digit of 8761692?
8
What is the units digit of 811393?
3
What is the millions digit of 5544826?
5
What is the thousands digit of 8372858?
2
What is the millions digit of 14176999?
4
What is the tens digit of 2598153?
5
What is the units digit of 375464?
4
What is the ten thousands digit of 297344?
9
What is the hundreds digit of 27394434?
4
What is the ten thousands digit of 11755555?
5
What is the hundred thousands digit of 290070?
2
What is the thousands digit of 702305?
2
What is the units digit of 150558?
8
What is the hundreds digit of 16719442?
4
What is the thousands digit of 335999?
5
What is the millions digit of 2531856?
2
What is the hundreds digit of 732508?
5
What is the hundred thousands digit of 376036?
3
What is the ten thousands digit of 51918?
5
What is the hundred thousands digit of 248406?
2
What is the millions digit of 1384791?
1
What is the units digit of 619551?
1
What is the millions digit of 2083650?
2
What is the tens digit of 14050917?
1
What is the thousands digit of 301643?
1
What is the tens digit of 38606527?
2
What is the tens digit of 111938?
3
What is the units digit of 572536?
6
What is the hundreds digit of 223540?
5
What is the tens digit of 477190?
9
What is the hundred thousands digit of 35410872?
4
What is the tens digit of 18766?
6
What is the tens digit of 176784?
8
What is the tens digit of 10691486?
8
What is the tens digit of 6829900?
0
What is the hundreds digit of 77523?
5
What is the hundreds digit of 1158909?
9
What is the ten thousands digit of 139210?
3
What is the tens digit of 12566205?
0
What is the tens digit of 29850?
5
What is the tens digit of 2068778?
7
What is the tens digit of 385068?
6
What is the hundreds digit of 1846308?
3
What is the hundred thousands digit of 1992170?
9
What is the tens digit of 852912?
1
What is the hundred thousands digit of 1065361?
0
What is the millions digit of 1397544?
1
What is the ten millions digit of 24714873?
2
What is the tens digit of 19862?
6
What is the units digit of 1645099?
9
What is the units digit of 2727555?
5
What is the thousands digit of 9947858?
7
What is the hundreds digit of 1551831?
8
What is the thousands digit of 740128?
0
What is the hundred thousands digit of 2753802?
7
What is the ten millions digit of 23379791?
2
What is the hundred thousands digit of 2884810?
8
What is the thousands digit of 456993?
6
What is the hundreds digit of 599610?
6
What is the hundreds digit of 1253991?
9
What is the ten thousands digit of 4041886?
4
What is the ten thousands digit of 187244?
8
What is the ten thousands digit of 404664?
0
What is the hundreds digit of 22043159?
1
What is the hundred thousands digit of 3579940?
5
What is the thousands digit of 185145?
5
What is the tens digit of 6098654?
5
What is the hundreds digit of 17975?
9
What is the units digit of 992795?
5
What is the ten thousands digit of 95695?
9
What is the thousands digit of 193927?
3
What is